{"id":296,"date":"2025-11-19T17:27:52","date_gmt":"2025-11-19T17:27:52","guid":{"rendered":"https:\/\/powderblue-hawk-729619.hostingersite.com\/?page_id=296"},"modified":"2025-11-27T11:36:58","modified_gmt":"2025-11-27T11:36:58","slug":"eventos","status":"publish","type":"page","link":"https:\/\/cdh.franca.unesp.br\/?page_id=296","title":{"rendered":"Eventos"},"content":{"rendered":"\t\t<div data-elementor-type=\"wp-page\" data-elementor-id=\"296\" class=\"elementor elementor-296\" data-elementor-post-type=\"page\">\n\t\t\t\t<div class=\"elementor-element elementor-element-92daa5e e-flex e-con-boxed e-con e-parent\" data-id=\"92daa5e\" data-element_type=\"container\" data-settings=\"{&quot;background_background&quot;:&quot;classic&quot;}\">\n\t\t\t\t\t<div class=\"e-con-inner\">\n\t\t<div class=\"elementor-element elementor-element-4733af5 e-con-full e-flex e-con e-child\" data-id=\"4733af5\" data-element_type=\"container\">\n\t\t\t\t<div class=\"elementor-element elementor-element-70f7834 elementor-widget elementor-widget-heading\" data-id=\"70f7834\" data-element_type=\"widget\" data-widget_type=\"heading.default\">\n\t\t\t\t\t<h2 class=\"elementor-heading-title elementor-size-default\">Eventos<\/h2>\t\t\t\t<\/div>\n\t\t\t\t<\/div>\n\t\t\t\t\t<\/div>\n\t\t\t\t<\/div>\n\t\t<div class=\"elementor-element elementor-element-723b360 e-flex e-con-boxed e-con e-parent\" data-id=\"723b360\" data-element_type=\"container\">\n\t\t\t\t\t<div class=\"e-con-inner\">\n\t\t\t\t<div class=\"elementor-element elementor-element-51af6d9 elementor-widget elementor-widget-heading\" data-id=\"51af6d9\" data-element_type=\"widget\" data-widget_type=\"heading.default\">\n\t\t\t\t\t<h2 class=\"elementor-heading-title elementor-size-default\">I Congresso Internacional de Acesso \u00e0 Justi\u00e7a, Mobiliza\u00e7\u00e3o do Direito e Vulnerabilidades<\/h2>\t\t\t\t<\/div>\n\t\t\t\t<div class=\"elementor-element elementor-element-1239788 elementor-widget elementor-widget-text-editor\" data-id=\"1239788\" data-element_type=\"widget\" data-widget_type=\"text-editor.default\">\n\t\t\t\t\t\t\t\t\t<p>Nos dias 02, 03 e 04 de setembro de 2025, a Cl\u00ednica realizou o seu I Congresso Internacional de Acesso \u00e0 Justi\u00e7a, Mobiliza\u00e7\u00e3o do Direito e Vulnerabilidades, evento de lan\u00e7amento da Cl\u00ednica<\/p><p>O evento reuniu estudantes, pesquisadores, ativistas, operadores do direito e representantes de institui\u00e7\u00f5es e movimentos sociais em um espa\u00e7o plural de debate, forma\u00e7\u00e3o e articula\u00e7\u00e3o sobre temas afetos ao acesso \u00e0 justi\u00e7a de pessoas e grupos vulnerabilizados.\u00a0<\/p><p>A ideia \u00e9 que este evento seja anual, e se consolide como mais um espa\u00e7o de di\u00e1logo da Cl\u00ednica de Direitos Humanos da FCHS da UNESP com a sociedade civil.\u00a0<\/p>\t\t\t\t\t\t\t\t<\/div>\n\t\t\t\t<div class=\"elementor-element elementor-element-75130b5 elementor-widget elementor-widget-image\" data-id=\"75130b5\" data-element_type=\"widget\" data-widget_type=\"image.default\">\n\t\t\t\t\t\t\t\t\t\t\t\t\t\t\t<img fetchpriority=\"high\" decoding=\"async\" width=\"800\" height=\"450\" src=\"https:\/\/cdh.franca.unesp.br\/wp-content\/uploads\/2025\/11\/Banner-EVENTO-site-1024x576.jpg\" class=\"attachment-large size-large wp-image-411\" alt=\"\" srcset=\"https:\/\/cdh.franca.unesp.br\/wp-content\/uploads\/2025\/11\/Banner-EVENTO-site-1024x576.jpg 1024w, https:\/\/cdh.franca.unesp.br\/wp-content\/uploads\/2025\/11\/Banner-EVENTO-site-300x169.jpg 300w, https:\/\/cdh.franca.unesp.br\/wp-content\/uploads\/2025\/11\/Banner-EVENTO-site-768x432.jpg 768w, https:\/\/cdh.franca.unesp.br\/wp-content\/uploads\/2025\/11\/Banner-EVENTO-site-1536x864.jpg 1536w, https:\/\/cdh.franca.unesp.br\/wp-content\/uploads\/2025\/11\/Banner-EVENTO-site-2048x1152.jpg 2048w\" sizes=\"(max-width: 800px) 100vw, 800px\" \/>\t\t\t\t\t\t\t\t\t\t\t\t\t\t\t<\/div>\n\t\t\t\t\t<\/div>\n\t\t\t\t<\/div>\n\t\t\t\t<\/div>\n\t\t","protected":false},"excerpt":{"rendered":"<p>Eventos I Congresso Internacional de Acesso \u00e0 Justi\u00e7a, Mobiliza\u00e7\u00e3o do Direito e Vulnerabilidades Nos dias 02, 03 e 04 de setembro de 2025, a Cl\u00ednica realizou o seu I Congresso Internacional de Acesso \u00e0 Justi\u00e7a, Mobiliza\u00e7\u00e3o do Direito e Vulnerabilidades, evento de lan\u00e7amento da Cl\u00ednica O evento reuniu estudantes, pesquisadores, ativistas, operadores do direito e [&hellip;]<\/p>\n","protected":false},"author":2,"featured_media":0,"parent":0,"menu_order":0,"comment_status":"closed","ping_status":"closed","template":"","meta":{"footnotes":""},"class_list":["post-296","page","type-page","status-publish","hentry"],"_links":{"self":[{"href":"https:\/\/cdh.franca.unesp.br\/index.php?rest_route=\/wp\/v2\/pages\/296","targetHints":{"allow":["GET"]}}],"collection":[{"href":"https:\/\/cdh.franca.unesp.br\/index.php?rest_route=\/wp\/v2\/pages"}],"about":[{"href":"https:\/\/cdh.franca.unesp.br\/index.php?rest_route=\/wp\/v2\/types\/page"}],"author":[{"embeddable":true,"href":"https:\/\/cdh.franca.unesp.br\/index.php?rest_route=\/wp\/v2\/users\/2"}],"replies":[{"embeddable":true,"href":"https:\/\/cdh.franca.unesp.br\/index.php?rest_route=%2Fwp%2Fv2%2Fcomments&post=296"}],"version-history":[{"count":0,"href":"https:\/\/cdh.franca.unesp.br\/index.php?rest_route=\/wp\/v2\/pages\/296\/revisions"}],"wp:attachment":[{"href":"https:\/\/cdh.franca.unesp.br\/index.php?rest_route=%2Fwp%2Fv2%2Fmedia&parent=296"}],"curies":[{"name":"wp","href":"https:\/\/api.w.org\/{rel}","templated":true}]}}